{"id":445,"date":"2019-01-22T14:30:46","date_gmt":"2019-01-22T14:30:46","guid":{"rendered":"https:\/\/rrenjettona.al\/?page_id=445"},"modified":"2019-01-22T14:30:46","modified_gmt":"2019-01-22T14:30:46","slug":"antikitet","status":"publish","type":"page","link":"https:\/\/rrenjettona.al\/index.php\/etnokulture\/antikitet\/","title":{"rendered":"Antikitet"},"content":{"rendered":"<div class=\"wpb-content-wrapper\"><p>[vc_row][vc_column]<style type=\"text\/css\" data-type=\"the7_shortcodes-inline-css\">.blog-shortcode.blog-list-shortcode-id-9b4205413bb9add4d51afbfe4615885e.dividers-on.classic-layout-list article {\n  margin-top: 50px;\n  padding-top: 0;\n}\n.blog-shortcode.blog-list-shortcode-id-9b4205413bb9add4d51afbfe4615885e.dividers-on.classic-layout-list article:first-of-type {\n  margin-top: 0;\n  padding-top: 0;\n}\n.blog-shortcode.blog-list-shortcode-id-9b4205413bb9add4d51afbfe4615885e.classic-layout-list.mode-list .post-thumbnail-wrap {\n  width: 50%;\n}\n.blog-shortcode.blog-list-shortcode-id-9b4205413bb9add4d51afbfe4615885e.classic-layout-list.mode-list .post-entry-content {\n  width: calc(100% - 50%);\n}\n.blog-shortcode.blog-list-shortcode-id-9b4205413bb9add4d51afbfe4615885e.classic-layout-list.mode-list .no-img .post-entry-content {\n  width: 100%;\n}\n.blog-shortcode.blog-list-shortcode-id-9b4205413bb9add4d51afbfe4615885e .filter-bg-decoration .filter-categories a.act {\n  color: #fff;\n}\n.blog-shortcode.blog-list-shortcode-id-9b4205413bb9add4d51afbfe4615885e:not(.mode-masonry) article {\n  margin-top: 50px;\n}\n.blog-shortcode.blog-list-shortcode-id-9b4205413bb9add4d51afbfe4615885e:not(.mode-masonry) article:first-of-type,\n.blog-shortcode.blog-list-shortcode-id-9b4205413bb9add4d51afbfe4615885e:not(.mode-masonry) article.visible.first:not(.product) {\n  margin-top: 0;\n}\n.blog-shortcode.blog-list-shortcode-id-9b4205413bb9add4d51afbfe4615885e.dividers-on:not(.mode-masonry) article {\n  margin-top: 0;\n  padding-top: 50px;\n}\n.blog-shortcode.blog-list-shortcode-id-9b4205413bb9add4d51afbfe4615885e.dividers-on:not(.mode-masonry) article:first-of-type,\n.blog-shortcode.blog-list-shortcode-id-9b4205413bb9add4d51afbfe4615885e.dividers-on:not(.mode-masonry) article.visible.first:not(.product) {\n  margin-top: 0;\n  padding-top: 0;\n}\n.blog-shortcode.blog-list-shortcode-id-9b4205413bb9add4d51afbfe4615885e .post-thumbnail-wrap {\n  padding: 0px 0px 0px 0px;\n}\n.blog-shortcode.blog-list-shortcode-id-9b4205413bb9add4d51afbfe4615885e.enable-bg-rollover .post-thumbnail-rollover:after {\n  background: -webkit-linear-gradient();\n  background: linear-gradient();\n}\n.blog-shortcode.blog-list-shortcode-id-9b4205413bb9add4d51afbfe4615885e .gallery-zoom-ico {\n  width: 44px;\n  height: 44px;\n  line-height: 44px;\n  border-radius: 100px;\n  margin: -22px 0 0 -22px;\n  border-width: 0px;\n  color: #ffffff;\n}\n.bottom-overlap-layout-list.blog-shortcode.blog-list-shortcode-id-9b4205413bb9add4d51afbfe4615885e .gallery-zoom-ico {\n  margin-top: -22px;\n}\n.gradient-overlay-layout-list.blog-shortcode.blog-list-shortcode-id-9b4205413bb9add4d51afbfe4615885e .gallery-zoom-ico,\n.content-rollover-layout-list.blog-shortcode.blog-list-shortcode-id-9b4205413bb9add4d51afbfe4615885e .gallery-zoom-ico {\n  margin: 0 0 10px;\n}\n.content-align-center.gradient-overlay-layout-list.blog-shortcode.blog-list-shortcode-id-9b4205413bb9add4d51afbfe4615885e .gallery-zoom-ico,\n.content-align-center.content-rollover-layout-list.blog-shortcode.blog-list-shortcode-id-9b4205413bb9add4d51afbfe4615885e .gallery-zoom-ico {\n  margin: 0 auto 10px;\n}\n.dt-icon-bg-on.blog-shortcode.blog-list-shortcode-id-9b4205413bb9add4d51afbfe4615885e .gallery-zoom-ico {\n  background: rgba(255,255,255,0.3);\n  box-shadow: none;\n}\n.blog-shortcode.blog-list-shortcode-id-9b4205413bb9add4d51afbfe4615885e .gallery-zoom-ico > span,\n.blog-shortcode.blog-list-shortcode-id-9b4205413bb9add4d51afbfe4615885e .gallery-zoom-ico:before {\n  font-size: 32px;\n  line-height: 44px;\n}\n.blog-shortcode.blog-list-shortcode-id-9b4205413bb9add4d51afbfe4615885e .gallery-zoom-ico > span,\n.blog-shortcode.blog-list-shortcode-id-9b4205413bb9add4d51afbfe4615885e .gallery-zoom-ico:before {\n  color: #ffffff;\n}\n.blog-shortcode.blog-list-shortcode-id-9b4205413bb9add4d51afbfe4615885e .fancy-date a {\n  background: #ffffff;\n  box-shadow: none;\n}\n.blog-shortcode.blog-list-shortcode-id-9b4205413bb9add4d51afbfe4615885e .fancy-date a * {\n  color: #2d2d2d;\n}\n.blog-shortcode.blog-list-shortcode-id-9b4205413bb9add4d51afbfe4615885e .entry-title,\n.blog-shortcode.blog-list-shortcode-id-9b4205413bb9add4d51afbfe4615885e.owl-carousel .entry-title {\n  margin-bottom: 5px;\n  font-weight: bold;\n}\n.blog-shortcode.blog-list-shortcode-id-9b4205413bb9add4d51afbfe4615885e .entry-meta {\n  margin-bottom: 15px;\n}\n.blog-shortcode.blog-list-shortcode-id-9b4205413bb9add4d51afbfe4615885e .portfolio-categories {\n  margin-bottom: 15px;\n}\n.blog-shortcode.blog-list-shortcode-id-9b4205413bb9add4d51afbfe4615885e .entry-excerpt {\n  margin-bottom: 5px;\n}\n.blog-shortcode.blog-list-shortcode-id-9b4205413bb9add4d51afbfe4615885e:not(.centered-layout-list) .post-entry-content {\n  padding: 25px 30px 30px 30px;\n}\n.blog-shortcode.blog-list-shortcode-id-9b4205413bb9add4d51afbfe4615885e:not(.centered-layout-list):not(.content-bg-on):not(.mode-list) .no-img .post-entry-content {\n  padding: 0;\n}\n@media screen and (max-width: 768px) {\n  .blog-shortcode.blog-list-shortcode-id-9b4205413bb9add4d51afbfe4615885e article {\n    -ms-flex-flow: column nowrap;\n    flex-flow: column nowrap;\n    margin-top: 20px;\n  }\n  .blog-shortcode.blog-list-shortcode-id-9b4205413bb9add4d51afbfe4615885e.dividers-on article {\n    border: none;\n  }\n  .blog-shortcode.blog-list-shortcode-id-9b4205413bb9add4d51afbfe4615885e.content-bg-on.centered-layout-list article {\n    padding: 0;\n  }\n  .blog-shortcode.blog-list-shortcode-id-9b4205413bb9add4d51afbfe4615885e.blog-shortcode.dividers-on article,\n  .blog-shortcode.blog-list-shortcode-id-9b4205413bb9add4d51afbfe4615885e.dividers-on.classic-layout-list article {\n    margin-top: 20px;\n    padding: 0;\n  }\n  .blog-shortcode.blog-list-shortcode-id-9b4205413bb9add4d51afbfe4615885e.blog-shortcode.dividers-on article:first-of-type,\n  .blog-shortcode.blog-list-shortcode-id-9b4205413bb9add4d51afbfe4615885e.dividers-on.classic-layout-list article:first-of-type {\n    padding: 0;\n  }\n  #page .blog-shortcode.blog-list-shortcode-id-9b4205413bb9add4d51afbfe4615885e .post-thumbnail-wrap,\n  #page .blog-shortcode.blog-list-shortcode-id-9b4205413bb9add4d51afbfe4615885e .post-entry-content {\n    width: 100%;\n    margin: 0;\n    top: 0;\n  }\n  #page .blog-shortcode.blog-list-shortcode-id-9b4205413bb9add4d51afbfe4615885e .post-thumbnail-wrap {\n    padding: 0;\n  }\n  #page .blog-shortcode.blog-list-shortcode-id-9b4205413bb9add4d51afbfe4615885e .post-entry-content:after {\n    display: none;\n  }\n  #page .blog-shortcode.blog-list-shortcode-id-9b4205413bb9add4d51afbfe4615885e .project-even .post-thumbnail-wrap,\n  #page .blog-shortcode.blog-list-shortcode-id-9b4205413bb9add4d51afbfe4615885e.centered-layout-list .post-thumbnail-wrap {\n    -ms-flex-order: 0;\n    order: 0;\n  }\n  #page .blog-shortcode.blog-list-shortcode-id-9b4205413bb9add4d51afbfe4615885e.centered-layout-list .post-entry-title-content {\n    -ms-flex-order: 1;\n    order: 1;\n    width: 100%;\n    padding: 20px 20px 0;\n  }\n  #page .blog-shortcode.blog-list-shortcode-id-9b4205413bb9add4d51afbfe4615885e.centered-layout-list .post-entry-content {\n    -ms-flex-order: 2;\n    order: 2;\n    padding-top: 0;\n  }\n  #page .blog-shortcode.blog-list-shortcode-id-9b4205413bb9add4d51afbfe4615885e .fancy-categories {\n    top: 10px;\n    left: 10px;\n    bottom: auto;\n    right: auto;\n  }\n  #page .blog-shortcode.blog-list-shortcode-id-9b4205413bb9add4d51afbfe4615885e .fancy-date a {\n    top: 10px;\n    right: 10px;\n    left: auto;\n    bottom: auto;\n  }\n  #page .blog-shortcode.blog-list-shortcode-id-9b4205413bb9add4d51afbfe4615885e .post-entry-content {\n    padding: 20px;\n  }\n  #page .blog-shortcode.blog-list-shortcode-id-9b4205413bb9add4d51afbfe4615885e .entry-title {\n    margin: 3px 0 5px;\n    font-size: 20px;\n    line-height: 26px;\n  }\n  #page .blog-shortcode.blog-list-shortcode-id-9b4205413bb9add4d51afbfe4615885e .entry-meta {\n    margin: 5px 0 5px;\n  }\n  #page .blog-shortcode.blog-list-shortcode-id-9b4205413bb9add4d51afbfe4615885e .entry-excerpt {\n    margin: 15px 0 0;\n  }\n  #page .blog-shortcode.blog-list-shortcode-id-9b4205413bb9add4d51afbfe4615885e .post-details {\n    margin: 5px 0 10px;\n  }\n  #page .blog-shortcode.blog-list-shortcode-id-9b4205413bb9add4d51afbfe4615885e .post-details.details-type-link {\n    margin-bottom: 2px;\n  }\n}\n<\/style><div class=\"articles-list blog-shortcode mode-list blog-list-shortcode-id-9b4205413bb9add4d51afbfe4615885e classic-layout-list content-bg-on jquery-filter scale-img dt-icon-bg-off loading-effect-fade-in\" data-cur-page=\"1\" data-post-limit=\"-1\" data-pagination-mode=\"none\"><article class=\"post project-odd visible no-img post-960 type-post status-publish format-standard hentry category-antikitet-3 category-etnokulture category-22 category-20 description-off\" data-name=\"Historia e simbolit ton\u00eb komb\u00ebtar dhe Dodona pellazgjike\" data-date=\"2019-09-04T14:21:29+00:00\">\n\n<div class=\"post-entry-content\">\n\n\t<h3 class=\"entry-title\">\n\t\t<a href=\"https:\/\/rrenjettona.al\/index.php\/2019\/09\/04\/historia-e-simbolit-tone-kombetar-dhe-dodona-pellazgjike\/\" title=\"Historia e simbolit ton\u00eb komb\u00ebtar dhe Dodona pellazgjike\" rel=\"bookmark\">Historia e simbolit ton\u00eb komb\u00ebtar dhe Dodona pellazgjike<\/a>\n\t<\/h3>\n\n\t<div class=\"entry-meta\"><span class=\"category-link\"><a href=\"https:\/\/rrenjettona.al\/index.php\/category\/etnokulture\/antikitet-3\/\" >Antikitet<\/a>, <a href=\"https:\/\/rrenjettona.al\/index.php\/category\/etnokulture\/\" >ETNOKULTUR\u00cb<\/a><\/span><a class=\"author vcard\" href=\"https:\/\/rrenjettona.al\/index.php\/author\/rrenjet\/\" title=\"View all posts by rrenjet\" rel=\"author\">By <span class=\"fn\">rrenjet<\/span><\/a><a href=\"https:\/\/rrenjettona.al\/index.php\/2019\/09\/04\/\" title=\"2:21 pm\" class=\"data-link\" rel=\"bookmark\"><time class=\"entry-date updated\" datetime=\"2019-09-04T14:21:29+00:00\">September 4, 2019<\/time><\/a><\/div>\n\t<div class=\"entry-excerpt\"><p>[vc_row][vc_column width=&#8221;1\/3&#8243;][vc_single_image img_size=&#8221;full&#8221;][\/vc_column][vc_column width=&#8221;1\/3&#8243;][vc_column_text]Fjal\u00eb ky\u00e7e: shqiptaria, albanianizmi, institucioni i familjes, haplotipet, kultura\u00a0 shqiptare, veshja, antropologjia.[\/vc_column_text][\/vc_column][vc_column width=&#8221;1\/3&#8243;][vc_column_text]Fusha: Etnokultur\u00eb Periudha : Antikitet Autori : Besim DERVISHI[\/vc_column_text][\/vc_column][\/vc_row]<\/p>\n<\/div>\n\t\n<a href=\"https:\/\/rrenjettona.al\/index.php\/2019\/09\/04\/historia-e-simbolit-tone-kombetar-dhe-dodona-pellazgjike\/\" class=\"post-details details-type-link\" aria-label=\"Read more about Historia e simbolit ton\u00eb komb\u00ebtar dhe Dodona pellazgjike\">Read more<i class=\"dt-icon-the7-arrow-03\" aria-hidden=\"true\"><\/i><\/a>\n\n<\/div><\/article><article class=\"post project-odd visible no-img post-654 type-post status-publish format-standard hentry category-antikitet-3 category-22 description-off\" data-name=\"Ringjallja e lojrave olimpike nga Vangjel Zhapa ka thirjen e t\u00eb par\u00ebve tan\u00eb ilir\u00eb\" data-date=\"2019-07-31T18:11:20+00:00\">\n\n<div class=\"post-entry-content\">\n\n\t<h3 class=\"entry-title\">\n\t\t<a href=\"https:\/\/rrenjettona.al\/index.php\/2019\/07\/31\/ringjallja-e-lojrave-olimpike-nga-vangjel-yhapa-ka-thirjen-e-te-pareve-tane-ilire\/\" title=\"Ringjallja e lojrave olimpike nga Vangjel Zhapa ka thirjen e t\u00eb par\u00ebve tan\u00eb ilir\u00eb\" rel=\"bookmark\">Ringjallja e lojrave olimpike nga Vangjel Zhapa ka thirjen e t\u00eb par\u00ebve tan\u00eb ilir\u00eb<\/a>\n\t<\/h3>\n\n\t<div class=\"entry-meta\"><span class=\"category-link\"><a href=\"https:\/\/rrenjettona.al\/index.php\/category\/etnokulture\/antikitet-3\/\" >Antikitet<\/a><\/span><a class=\"author vcard\" href=\"https:\/\/rrenjettona.al\/index.php\/author\/rrenjet\/\" title=\"View all posts by rrenjet\" rel=\"author\">By <span class=\"fn\">rrenjet<\/span><\/a><a href=\"https:\/\/rrenjettona.al\/index.php\/2019\/07\/31\/\" title=\"6:11 pm\" class=\"data-link\" rel=\"bookmark\"><time class=\"entry-date updated\" datetime=\"2019-07-31T18:11:20+00:00\">July 31, 2019<\/time><\/a><\/div>\n\t<div class=\"entry-excerpt\"><p>[vc_row][vc_column width=&#8221;1\/3&#8243;][vc_single_image image=&#8221;655&#8243; img_size=&#8221;full&#8221;][\/vc_column][vc_column width=&#8221;1\/3&#8243;][vc_column_text]Fjal\u00eb ky\u00e7e \u2013 lojrat olimpike, ilir, dafinat, grek, Vangjel Zhapa.[\/vc_column_text][\/vc_column][vc_column width=&#8221;1\/3&#8243;][vc_column_text]Fusha: Etnokultur\u00eb Periudha : Antikitet Autori : Dr. Lluka HEQIMI[\/vc_column_text][\/vc_column][\/vc_row]<\/p>\n<\/div>\n\t\n<a href=\"https:\/\/rrenjettona.al\/index.php\/2019\/07\/31\/ringjallja-e-lojrave-olimpike-nga-vangjel-yhapa-ka-thirjen-e-te-pareve-tane-ilire\/\" class=\"post-details details-type-link\" aria-label=\"Read more about Ringjallja e lojrave olimpike nga Vangjel Zhapa ka thirjen e t\u00eb par\u00ebve tan\u00eb ilir\u00eb\">Read more<i class=\"dt-icon-the7-arrow-03\" aria-hidden=\"true\"><\/i><\/a>\n\n<\/div><\/article><article class=\"post project-odd visible no-img post-650 type-post status-publish format-standard hentry category-antikitet-3 category-22 description-off\" data-name=\"Per\u00ebndesha Athina dhe simbole t\u00eb tjera kozmogonike\" data-date=\"2019-07-31T18:04:14+00:00\">\n\n<div class=\"post-entry-content\">\n\n\t<h3 class=\"entry-title\">\n\t\t<a href=\"https:\/\/rrenjettona.al\/index.php\/2019\/07\/31\/perendesha-athina-dhe-simbole-te-tjera-kozmogonike\/\" title=\"Per\u00ebndesha Athina dhe simbole t\u00eb tjera kozmogonike\" rel=\"bookmark\">Per\u00ebndesha Athina dhe simbole t\u00eb tjera kozmogonike<\/a>\n\t<\/h3>\n\n\t<div class=\"entry-meta\"><span class=\"category-link\"><a href=\"https:\/\/rrenjettona.al\/index.php\/category\/etnokulture\/antikitet-3\/\" >Antikitet<\/a><\/span><a class=\"author vcard\" href=\"https:\/\/rrenjettona.al\/index.php\/author\/rrenjet\/\" title=\"View all posts by rrenjet\" rel=\"author\">By <span class=\"fn\">rrenjet<\/span><\/a><a href=\"https:\/\/rrenjettona.al\/index.php\/2019\/07\/31\/\" title=\"6:04 pm\" class=\"data-link\" rel=\"bookmark\"><time class=\"entry-date updated\" datetime=\"2019-07-31T18:04:14+00:00\">July 31, 2019<\/time><\/a><\/div>\n\t<div class=\"entry-excerpt\"><p>[vc_row][vc_column width=&#8221;1\/3&#8243;][vc_single_image img_size=&#8221;full&#8221;][\/vc_column][vc_column width=&#8221;1\/3&#8243;][vc_column_text]Fjal\u00eb ky\u00e7e\u2013 xhubleta, , albanianizmi, kostumet komb\u00ebtare shqiptare, kultura shqiptare, veshja.[\/vc_column_text][\/vc_column][vc_column width=&#8221;1\/3&#8243;][vc_column_text]Fusha: Etnokultur\u00eb Periudha : Antikitet Autori : Luljeta DANO[\/vc_column_text][\/vc_column][\/vc_row]<\/p>\n<\/div>\n\t\n<a href=\"https:\/\/rrenjettona.al\/index.php\/2019\/07\/31\/perendesha-athina-dhe-simbole-te-tjera-kozmogonike\/\" class=\"post-details details-type-link\" aria-label=\"Read more about Per\u00ebndesha Athina dhe simbole t\u00eb tjera kozmogonike\">Read more<i class=\"dt-icon-the7-arrow-03\" aria-hidden=\"true\"><\/i><\/a>\n\n<\/div><\/article><article class=\"post project-odd visible no-img post-595 type-post status-publish format-standard hentry category-antikitet-3 category-uncategorized category-22 category-1 description-off\" data-name=\"Identiteti etno-kulturor iliro-arb\u00ebror n\u00eb trev\u00ebn e \u00c7am\u00ebris\u00eb\" data-date=\"2019-07-23T15:35:45+00:00\">\n\n<div class=\"post-entry-content\">\n\n\t<h3 class=\"entry-title\">\n\t\t<a href=\"https:\/\/rrenjettona.al\/index.php\/2019\/07\/23\/identiteti-etno-kulturor-iliro-arberor-ne-treven-e-camerise\/\" title=\"Identiteti etno-kulturor iliro-arb\u00ebror n\u00eb trev\u00ebn e \u00c7am\u00ebris\u00eb\" rel=\"bookmark\">Identiteti etno-kulturor iliro-arb\u00ebror n\u00eb trev\u00ebn e \u00c7am\u00ebris\u00eb<\/a>\n\t<\/h3>\n\n\t<div class=\"entry-meta\"><span class=\"category-link\"><a href=\"https:\/\/rrenjettona.al\/index.php\/category\/etnokulture\/antikitet-3\/\" >Antikitet<\/a>, <a href=\"https:\/\/rrenjettona.al\/index.php\/category\/uncategorized\/\" >Uncategorized<\/a><\/span><a class=\"author vcard\" href=\"https:\/\/rrenjettona.al\/index.php\/author\/rrenjet\/\" title=\"View all posts by rrenjet\" rel=\"author\">By <span class=\"fn\">rrenjet<\/span><\/a><a href=\"https:\/\/rrenjettona.al\/index.php\/2019\/07\/23\/\" title=\"3:35 pm\" class=\"data-link\" rel=\"bookmark\"><time class=\"entry-date updated\" datetime=\"2019-07-23T15:35:45+00:00\">July 23, 2019<\/time><\/a><\/div>\n\t<div class=\"entry-excerpt\"><p>[vc_row][vc_column width=&#8221;1\/3&#8243;][vc_single_image image=&#8221;596&#8243; img_size=&#8221;full&#8221;][\/vc_column][vc_column width=&#8221;1\/3&#8243;][vc_column_text]Fjal\u00ebt ky\u00e7e: pellazg\u00ebt, ilir\u00ebt, epirot\u00ebt, fiset barbare, Homeri, Tukiditi, Straboni, specializim ekonomik, qytet-shtet, protoglobalizim, kolonizim, bota barbare, kultura e Komanit\u2026[\/vc_column_text][\/vc_column][vc_column width=&#8221;1\/3&#8243;][vc_column_text]Fusha: Etnokultur\u00eb Periudha : Antikitet Autori : Prof. Dr. Selman SHEME[\/vc_column_text][\/vc_column][\/vc_row]<\/p>\n<\/div>\n\t\n<a href=\"https:\/\/rrenjettona.al\/index.php\/2019\/07\/23\/identiteti-etno-kulturor-iliro-arberor-ne-treven-e-camerise\/\" class=\"post-details details-type-link\" aria-label=\"Read more about Identiteti etno-kulturor iliro-arb\u00ebror n\u00eb trev\u00ebn e \u00c7am\u00ebris\u00eb\">Read more<i class=\"dt-icon-the7-arrow-03\" aria-hidden=\"true\"><\/i><\/a>\n\n<\/div><\/article><article class=\"post project-odd visible no-img post-325 type-post status-publish format-standard hentry category-antikitet-3 category-22 description-off\" data-name=\"Q\u00ebmtime nga Epiri n\u00eb Dardani gjer m\u00eb sot n\u00eb brez t\u00eb ri\" data-date=\"2019-01-22T11:33:40+00:00\">\n\n<div class=\"post-entry-content\">\n\n\t<h3 class=\"entry-title\">\n\t\t<a href=\"https:\/\/rrenjettona.al\/index.php\/2019\/01\/22\/qemtime-nga-epiri-ne-dardani-gjer-me-sot-ne-brez-te-ri\/\" title=\"Q\u00ebmtime nga Epiri n\u00eb Dardani gjer m\u00eb sot n\u00eb brez t\u00eb ri\" rel=\"bookmark\">Q\u00ebmtime nga Epiri n\u00eb Dardani gjer m\u00eb sot n\u00eb brez t\u00eb ri<\/a>\n\t<\/h3>\n\n\t<div class=\"entry-meta\"><span class=\"category-link\"><a href=\"https:\/\/rrenjettona.al\/index.php\/category\/etnokulture\/antikitet-3\/\" >Antikitet<\/a><\/span><a class=\"author vcard\" href=\"https:\/\/rrenjettona.al\/index.php\/author\/admin\/\" title=\"View all posts by admin\" rel=\"author\">By <span class=\"fn\">admin<\/span><\/a><a href=\"https:\/\/rrenjettona.al\/index.php\/2019\/01\/22\/\" title=\"11:33 am\" class=\"data-link\" rel=\"bookmark\"><time class=\"entry-date updated\" datetime=\"2019-01-22T11:33:40+00:00\">January 22, 2019<\/time><\/a><\/div>\n\t<div class=\"entry-excerpt\"><p>[vc_row][vc_column width=&#8221;1\/3&#8243;][vc_single_image image=&#8221;326&#8243; img_size=&#8221;full&#8221;][\/vc_column][vc_column width=&#8221;1\/3&#8243;][vc_column_text] &#8220;E megjithat\u00eb, ata jan\u00eb popuj kryesor\u00eb, t\u00eb lasht\u00eb e t\u00eb r\u00ebnd\u00ebsish\u00ebm, q\u00eb \u00e7do historian do t\u00eb d\u00ebshironte t\u2019i njihte: historia e tyre do t\u00eb plot\u00ebsonte zbraz\u00ebti t\u00eb m\u00ebdha n\u00eb historin\u00eb e vjet\u00ebr e t\u00eb re t\u00eb Evrop\u00ebs. Por\u2026, ata sot nuk luajn\u00eb m\u00eb ndonj\u00eb rol t\u00eb ve\u00e7ant\u00eb. Ata jan\u00eb t\u00eb&hellip;<\/p>\n<\/div>\n\t\n<a href=\"https:\/\/rrenjettona.al\/index.php\/2019\/01\/22\/qemtime-nga-epiri-ne-dardani-gjer-me-sot-ne-brez-te-ri\/\" class=\"post-details details-type-link\" aria-label=\"Read more about Q\u00ebmtime nga Epiri n\u00eb Dardani gjer m\u00eb sot n\u00eb brez t\u00eb ri\">Read more<i class=\"dt-icon-the7-arrow-03\" aria-hidden=\"true\"><\/i><\/a>\n\n<\/div><\/article><\/div>[\/vc_column][\/vc_row]<\/p>\n<\/div>","protected":false},"excerpt":{"rendered":"<p>[vc_row][vc_column][\/vc_column][\/vc_row]<\/p>\n","protected":false},"author":3,"featured_media":0,"parent":438,"menu_order":0,"comment_status":"closed","ping_status":"closed","template":"","meta":{"footnotes":""},"class_list":["post-445","page","type-page","status-publish","hentry","description-off"],"_links":{"self":[{"href":"https:\/\/rrenjettona.al\/index.php\/wp-json\/wp\/v2\/pages\/445","targetHints":{"allow":["GET"]}}],"collection":[{"href":"https:\/\/rrenjettona.al\/index.php\/wp-json\/wp\/v2\/pages"}],"about":[{"href":"https:\/\/rrenjettona.al\/index.php\/wp-json\/wp\/v2\/types\/page"}],"author":[{"embeddable":true,"href":"https:\/\/rrenjettona.al\/index.php\/wp-json\/wp\/v2\/users\/3"}],"replies":[{"embeddable":true,"href":"https:\/\/rrenjettona.al\/index.php\/wp-json\/wp\/v2\/comments?post=445"}],"version-history":[{"count":1,"href":"https:\/\/rrenjettona.al\/index.php\/wp-json\/wp\/v2\/pages\/445\/revisions"}],"predecessor-version":[{"id":446,"href":"https:\/\/rrenjettona.al\/index.php\/wp-json\/wp\/v2\/pages\/445\/revisions\/446"}],"up":[{"embeddable":true,"href":"https:\/\/rrenjettona.al\/index.php\/wp-json\/wp\/v2\/pages\/438"}],"wp:attachment":[{"href":"https:\/\/rrenjettona.al\/index.php\/wp-json\/wp\/v2\/media?parent=445"}],"curies":[{"name":"wp","href":"https:\/\/api.w.org\/{rel}","templated":true}]}}