{"id":428,"date":"2019-01-22T14:20:50","date_gmt":"2019-01-22T14:20:50","guid":{"rendered":"https:\/\/rrenjettona.al\/?page_id=428"},"modified":"2019-01-22T14:20:50","modified_gmt":"2019-01-22T14:20:50","slug":"prehistori","status":"publish","type":"page","link":"https:\/\/rrenjettona.al\/index.php\/gjuhesi\/prehistori\/","title":{"rendered":"Prehistori"},"content":{"rendered":"<div class=\"wpb-content-wrapper\"><p>[vc_row][vc_column]<style type=\"text\/css\" data-type=\"the7_shortcodes-inline-css\">.blog-shortcode.blog-list-shortcode-id-8a26d68fa8c063a589c271336b75e2d0.dividers-on.classic-layout-list article {\n  margin-top: 50px;\n  padding-top: 0;\n}\n.blog-shortcode.blog-list-shortcode-id-8a26d68fa8c063a589c271336b75e2d0.dividers-on.classic-layout-list article:first-of-type {\n  margin-top: 0;\n  padding-top: 0;\n}\n.blog-shortcode.blog-list-shortcode-id-8a26d68fa8c063a589c271336b75e2d0.classic-layout-list.mode-list .post-thumbnail-wrap {\n  width: 50%;\n}\n.blog-shortcode.blog-list-shortcode-id-8a26d68fa8c063a589c271336b75e2d0.classic-layout-list.mode-list .post-entry-content {\n  width: calc(100% - 50%);\n}\n.blog-shortcode.blog-list-shortcode-id-8a26d68fa8c063a589c271336b75e2d0.classic-layout-list.mode-list .no-img .post-entry-content {\n  width: 100%;\n}\n.blog-shortcode.blog-list-shortcode-id-8a26d68fa8c063a589c271336b75e2d0 .filter-bg-decoration .filter-categories a.act {\n  color: #fff;\n}\n.blog-shortcode.blog-list-shortcode-id-8a26d68fa8c063a589c271336b75e2d0:not(.mode-masonry) article {\n  margin-top: 50px;\n}\n.blog-shortcode.blog-list-shortcode-id-8a26d68fa8c063a589c271336b75e2d0:not(.mode-masonry) article:first-of-type,\n.blog-shortcode.blog-list-shortcode-id-8a26d68fa8c063a589c271336b75e2d0:not(.mode-masonry) article.visible.first:not(.product) {\n  margin-top: 0;\n}\n.blog-shortcode.blog-list-shortcode-id-8a26d68fa8c063a589c271336b75e2d0.dividers-on:not(.mode-masonry) article {\n  margin-top: 0;\n  padding-top: 50px;\n}\n.blog-shortcode.blog-list-shortcode-id-8a26d68fa8c063a589c271336b75e2d0.dividers-on:not(.mode-masonry) article:first-of-type,\n.blog-shortcode.blog-list-shortcode-id-8a26d68fa8c063a589c271336b75e2d0.dividers-on:not(.mode-masonry) article.visible.first:not(.product) {\n  margin-top: 0;\n  padding-top: 0;\n}\n.blog-shortcode.blog-list-shortcode-id-8a26d68fa8c063a589c271336b75e2d0 .post-thumbnail-wrap {\n  padding: 0px 0px 0px 0px;\n}\n.blog-shortcode.blog-list-shortcode-id-8a26d68fa8c063a589c271336b75e2d0.enable-bg-rollover .post-thumbnail-rollover:after {\n  background: -webkit-linear-gradient();\n  background: linear-gradient();\n}\n.blog-shortcode.blog-list-shortcode-id-8a26d68fa8c063a589c271336b75e2d0 .gallery-zoom-ico {\n  width: 44px;\n  height: 44px;\n  line-height: 44px;\n  border-radius: 100px;\n  margin: -22px 0 0 -22px;\n  border-width: 0px;\n  color: #ffffff;\n}\n.bottom-overlap-layout-list.blog-shortcode.blog-list-shortcode-id-8a26d68fa8c063a589c271336b75e2d0 .gallery-zoom-ico {\n  margin-top: -22px;\n}\n.gradient-overlay-layout-list.blog-shortcode.blog-list-shortcode-id-8a26d68fa8c063a589c271336b75e2d0 .gallery-zoom-ico,\n.content-rollover-layout-list.blog-shortcode.blog-list-shortcode-id-8a26d68fa8c063a589c271336b75e2d0 .gallery-zoom-ico {\n  margin: 0 0 10px;\n}\n.content-align-center.gradient-overlay-layout-list.blog-shortcode.blog-list-shortcode-id-8a26d68fa8c063a589c271336b75e2d0 .gallery-zoom-ico,\n.content-align-center.content-rollover-layout-list.blog-shortcode.blog-list-shortcode-id-8a26d68fa8c063a589c271336b75e2d0 .gallery-zoom-ico {\n  margin: 0 auto 10px;\n}\n.dt-icon-bg-on.blog-shortcode.blog-list-shortcode-id-8a26d68fa8c063a589c271336b75e2d0 .gallery-zoom-ico {\n  background: rgba(255,255,255,0.3);\n  box-shadow: none;\n}\n.blog-shortcode.blog-list-shortcode-id-8a26d68fa8c063a589c271336b75e2d0 .gallery-zoom-ico > span,\n.blog-shortcode.blog-list-shortcode-id-8a26d68fa8c063a589c271336b75e2d0 .gallery-zoom-ico:before {\n  font-size: 32px;\n  line-height: 44px;\n}\n.blog-shortcode.blog-list-shortcode-id-8a26d68fa8c063a589c271336b75e2d0 .gallery-zoom-ico > span,\n.blog-shortcode.blog-list-shortcode-id-8a26d68fa8c063a589c271336b75e2d0 .gallery-zoom-ico:before {\n  color: #ffffff;\n}\n.blog-shortcode.blog-list-shortcode-id-8a26d68fa8c063a589c271336b75e2d0 .fancy-date a {\n  background: #ffffff;\n  box-shadow: none;\n}\n.blog-shortcode.blog-list-shortcode-id-8a26d68fa8c063a589c271336b75e2d0 .fancy-date a * {\n  color: #2d2d2d;\n}\n.blog-shortcode.blog-list-shortcode-id-8a26d68fa8c063a589c271336b75e2d0 .entry-title,\n.blog-shortcode.blog-list-shortcode-id-8a26d68fa8c063a589c271336b75e2d0.owl-carousel .entry-title {\n  margin-bottom: 5px;\n  font-weight: bold;\n}\n.blog-shortcode.blog-list-shortcode-id-8a26d68fa8c063a589c271336b75e2d0 .entry-meta {\n  margin-bottom: 15px;\n}\n.blog-shortcode.blog-list-shortcode-id-8a26d68fa8c063a589c271336b75e2d0 .portfolio-categories {\n  margin-bottom: 15px;\n}\n.blog-shortcode.blog-list-shortcode-id-8a26d68fa8c063a589c271336b75e2d0 .entry-excerpt {\n  margin-bottom: 5px;\n}\n.blog-shortcode.blog-list-shortcode-id-8a26d68fa8c063a589c271336b75e2d0:not(.centered-layout-list) .post-entry-content {\n  padding: 25px 30px 30px 30px;\n}\n.blog-shortcode.blog-list-shortcode-id-8a26d68fa8c063a589c271336b75e2d0:not(.centered-layout-list):not(.content-bg-on):not(.mode-list) .no-img .post-entry-content {\n  padding: 0;\n}\n@media screen and (max-width: 768px) {\n  .blog-shortcode.blog-list-shortcode-id-8a26d68fa8c063a589c271336b75e2d0 article {\n    -ms-flex-flow: column nowrap;\n    flex-flow: column nowrap;\n    margin-top: 20px;\n  }\n  .blog-shortcode.blog-list-shortcode-id-8a26d68fa8c063a589c271336b75e2d0.dividers-on article {\n    border: none;\n  }\n  .blog-shortcode.blog-list-shortcode-id-8a26d68fa8c063a589c271336b75e2d0.content-bg-on.centered-layout-list article {\n    padding: 0;\n  }\n  .blog-shortcode.blog-list-shortcode-id-8a26d68fa8c063a589c271336b75e2d0.blog-shortcode.dividers-on article,\n  .blog-shortcode.blog-list-shortcode-id-8a26d68fa8c063a589c271336b75e2d0.dividers-on.classic-layout-list article {\n    margin-top: 20px;\n    padding: 0;\n  }\n  .blog-shortcode.blog-list-shortcode-id-8a26d68fa8c063a589c271336b75e2d0.blog-shortcode.dividers-on article:first-of-type,\n  .blog-shortcode.blog-list-shortcode-id-8a26d68fa8c063a589c271336b75e2d0.dividers-on.classic-layout-list article:first-of-type {\n    padding: 0;\n  }\n  #page .blog-shortcode.blog-list-shortcode-id-8a26d68fa8c063a589c271336b75e2d0 .post-thumbnail-wrap,\n  #page .blog-shortcode.blog-list-shortcode-id-8a26d68fa8c063a589c271336b75e2d0 .post-entry-content {\n    width: 100%;\n    margin: 0;\n    top: 0;\n  }\n  #page .blog-shortcode.blog-list-shortcode-id-8a26d68fa8c063a589c271336b75e2d0 .post-thumbnail-wrap {\n    padding: 0;\n  }\n  #page .blog-shortcode.blog-list-shortcode-id-8a26d68fa8c063a589c271336b75e2d0 .post-entry-content:after {\n    display: none;\n  }\n  #page .blog-shortcode.blog-list-shortcode-id-8a26d68fa8c063a589c271336b75e2d0 .project-even .post-thumbnail-wrap,\n  #page .blog-shortcode.blog-list-shortcode-id-8a26d68fa8c063a589c271336b75e2d0.centered-layout-list .post-thumbnail-wrap {\n    -ms-flex-order: 0;\n    order: 0;\n  }\n  #page .blog-shortcode.blog-list-shortcode-id-8a26d68fa8c063a589c271336b75e2d0.centered-layout-list .post-entry-title-content {\n    -ms-flex-order: 1;\n    order: 1;\n    width: 100%;\n    padding: 20px 20px 0;\n  }\n  #page .blog-shortcode.blog-list-shortcode-id-8a26d68fa8c063a589c271336b75e2d0.centered-layout-list .post-entry-content {\n    -ms-flex-order: 2;\n    order: 2;\n    padding-top: 0;\n  }\n  #page .blog-shortcode.blog-list-shortcode-id-8a26d68fa8c063a589c271336b75e2d0 .fancy-categories {\n    top: 10px;\n    left: 10px;\n    bottom: auto;\n    right: auto;\n  }\n  #page .blog-shortcode.blog-list-shortcode-id-8a26d68fa8c063a589c271336b75e2d0 .fancy-date a {\n    top: 10px;\n    right: 10px;\n    left: auto;\n    bottom: auto;\n  }\n  #page .blog-shortcode.blog-list-shortcode-id-8a26d68fa8c063a589c271336b75e2d0 .post-entry-content {\n    padding: 20px;\n  }\n  #page .blog-shortcode.blog-list-shortcode-id-8a26d68fa8c063a589c271336b75e2d0 .entry-title {\n    margin: 3px 0 5px;\n    font-size: 20px;\n    line-height: 26px;\n  }\n  #page .blog-shortcode.blog-list-shortcode-id-8a26d68fa8c063a589c271336b75e2d0 .entry-meta {\n    margin: 5px 0 5px;\n  }\n  #page .blog-shortcode.blog-list-shortcode-id-8a26d68fa8c063a589c271336b75e2d0 .entry-excerpt {\n    margin: 15px 0 0;\n  }\n  #page .blog-shortcode.blog-list-shortcode-id-8a26d68fa8c063a589c271336b75e2d0 .post-details {\n    margin: 5px 0 10px;\n  }\n  #page .blog-shortcode.blog-list-shortcode-id-8a26d68fa8c063a589c271336b75e2d0 .post-details.details-type-link {\n    margin-bottom: 2px;\n  }\n}\n<\/style><div class=\"articles-list blog-shortcode mode-list blog-list-shortcode-id-8a26d68fa8c063a589c271336b75e2d0 classic-layout-list content-bg-on jquery-filter scale-img dt-icon-bg-off loading-effect-fade-in\" data-cur-page=\"1\" data-post-limit=\"-1\" data-pagination-mode=\"none\"><article class=\"post project-odd visible no-img post-330 type-post status-publish format-standard hentry category-prehistori-2 category-17 description-off\" data-name=\"Gjuha Shqipe &#8211; Gjuha e par\u00eb b\u00eblb\u00ebzuese e njer\u00ebzimit\" data-date=\"2019-01-22T11:39:10+00:00\">\n\n<div class=\"post-entry-content\">\n\n\t<h3 class=\"entry-title\">\n\t\t<a href=\"https:\/\/rrenjettona.al\/index.php\/2019\/01\/22\/gjuha-shqipe-gjuha-e-pare-belbezuese-e-njerezimit\/\" title=\"Gjuha Shqipe &#8211; Gjuha e par\u00eb b\u00eblb\u00ebzuese e njer\u00ebzimit\" rel=\"bookmark\">Gjuha Shqipe &#8211; Gjuha e par\u00eb b\u00eblb\u00ebzuese e njer\u00ebzimit<\/a>\n\t<\/h3>\n\n\t<div class=\"entry-meta\"><span class=\"category-link\"><a href=\"https:\/\/rrenjettona.al\/index.php\/category\/gjuhesi\/prehistori-2\/\" >Prehistori<\/a><\/span><a class=\"author vcard\" href=\"https:\/\/rrenjettona.al\/index.php\/author\/admin\/\" title=\"View all posts by admin\" rel=\"author\">By <span class=\"fn\">admin<\/span><\/a><a href=\"https:\/\/rrenjettona.al\/index.php\/2019\/01\/22\/\" title=\"11:39 am\" class=\"data-link\" rel=\"bookmark\"><time class=\"entry-date updated\" datetime=\"2019-01-22T11:39:10+00:00\">January 22, 2019<\/time><\/a><\/div>\n\t<div class=\"entry-excerpt\"><p>[vc_row][vc_column width=&#8221;1\/3&#8243;][vc_single_image image=&#8221;331&#8243; img_size=&#8221;full&#8221;][\/vc_column][vc_column width=&#8221;1\/3&#8243;][vc_column_text] GEG\u00cbNISHTJA, FIDANISHTJA E GJUH\u00cbS EVROPIANE Jo pak publicist\u00eb e shkrimtar\u00eb (I. Kadare, A. Ko\u00e7ollari, etj.), gjuh\u00ebtar\u00eb vendas e t\u00eb huaj,\u00a0 (E. \u00c7abej, J. Kastrati, etj.), albanolog\u00eb (G.Hahn, G.Majer, N.Jokli, H. Petersen, etj.) deri n\u00eb njer\u00ebz t\u00eb besimit fetar e t\u00eb historis\u00eb (botimet e fundit me autor francez) ose t\u00eb guximtares&hellip;<\/p>\n<\/div>\n\t\n<a href=\"https:\/\/rrenjettona.al\/index.php\/2019\/01\/22\/gjuha-shqipe-gjuha-e-pare-belbezuese-e-njerezimit\/\" class=\"post-details details-type-link\" aria-label=\"Read more about Gjuha Shqipe &#8211; Gjuha e par\u00eb b\u00eblb\u00ebzuese e njer\u00ebzimit\">Read more<i class=\"dt-icon-the7-arrow-03\" aria-hidden=\"true\"><\/i><\/a>\n\n<\/div><\/article><\/div>[\/vc_column][\/vc_row]<\/p>\n<\/div>","protected":false},"excerpt":{"rendered":"<p>[vc_row][vc_column][\/vc_column][\/vc_row]<\/p>\n","protected":false},"author":3,"featured_media":0,"parent":426,"menu_order":0,"comment_status":"closed","ping_status":"closed","template":"","meta":{"footnotes":""},"class_list":["post-428","page","type-page","status-publish","hentry","description-off"],"_links":{"self":[{"href":"https:\/\/rrenjettona.al\/index.php\/wp-json\/wp\/v2\/pages\/428","targetHints":{"allow":["GET"]}}],"collection":[{"href":"https:\/\/rrenjettona.al\/index.php\/wp-json\/wp\/v2\/pages"}],"about":[{"href":"https:\/\/rrenjettona.al\/index.php\/wp-json\/wp\/v2\/types\/page"}],"author":[{"embeddable":true,"href":"https:\/\/rrenjettona.al\/index.php\/wp-json\/wp\/v2\/users\/3"}],"replies":[{"embeddable":true,"href":"https:\/\/rrenjettona.al\/index.php\/wp-json\/wp\/v2\/comments?post=428"}],"version-history":[{"count":1,"href":"https:\/\/rrenjettona.al\/index.php\/wp-json\/wp\/v2\/pages\/428\/revisions"}],"predecessor-version":[{"id":429,"href":"https:\/\/rrenjettona.al\/index.php\/wp-json\/wp\/v2\/pages\/428\/revisions\/429"}],"up":[{"embeddable":true,"href":"https:\/\/rrenjettona.al\/index.php\/wp-json\/wp\/v2\/pages\/426"}],"wp:attachment":[{"href":"https:\/\/rrenjettona.al\/index.php\/wp-json\/wp\/v2\/media?parent=428"}],"curies":[{"name":"wp","href":"https:\/\/api.w.org\/{rel}","templated":true}]}}