{"id":417,"date":"2019-01-22T14:16:06","date_gmt":"2019-01-22T14:16:06","guid":{"rendered":"https:\/\/rrenjettona.al\/?page_id=417"},"modified":"2019-01-22T14:16:06","modified_gmt":"2019-01-22T14:16:06","slug":"antikitet","status":"publish","type":"page","link":"https:\/\/rrenjettona.al\/index.php\/historigrafi\/antikitet\/","title":{"rendered":"Antikitet"},"content":{"rendered":"<div class=\"wpb-content-wrapper\"><p>[vc_row][vc_column]<style type=\"text\/css\" data-type=\"the7_shortcodes-inline-css\">.blog-shortcode.blog-list-shortcode-id-0335fdc5fccfeee4c1b125362d710250.dividers-on.classic-layout-list article {\n  margin-top: 50px;\n  padding-top: 0;\n}\n.blog-shortcode.blog-list-shortcode-id-0335fdc5fccfeee4c1b125362d710250.dividers-on.classic-layout-list article:first-of-type {\n  margin-top: 0;\n  padding-top: 0;\n}\n.blog-shortcode.blog-list-shortcode-id-0335fdc5fccfeee4c1b125362d710250.classic-layout-list.mode-list .post-thumbnail-wrap {\n  width: 50%;\n}\n.blog-shortcode.blog-list-shortcode-id-0335fdc5fccfeee4c1b125362d710250.classic-layout-list.mode-list .post-entry-content {\n  width: calc(100% - 50%);\n}\n.blog-shortcode.blog-list-shortcode-id-0335fdc5fccfeee4c1b125362d710250.classic-layout-list.mode-list .no-img .post-entry-content {\n  width: 100%;\n}\n.blog-shortcode.blog-list-shortcode-id-0335fdc5fccfeee4c1b125362d710250 .filter-bg-decoration .filter-categories a.act {\n  color: #fff;\n}\n.blog-shortcode.blog-list-shortcode-id-0335fdc5fccfeee4c1b125362d710250:not(.mode-masonry) article {\n  margin-top: 50px;\n}\n.blog-shortcode.blog-list-shortcode-id-0335fdc5fccfeee4c1b125362d710250:not(.mode-masonry) article:first-of-type,\n.blog-shortcode.blog-list-shortcode-id-0335fdc5fccfeee4c1b125362d710250:not(.mode-masonry) article.visible.first:not(.product) {\n  margin-top: 0;\n}\n.blog-shortcode.blog-list-shortcode-id-0335fdc5fccfeee4c1b125362d710250.dividers-on:not(.mode-masonry) article {\n  margin-top: 0;\n  padding-top: 50px;\n}\n.blog-shortcode.blog-list-shortcode-id-0335fdc5fccfeee4c1b125362d710250.dividers-on:not(.mode-masonry) article:first-of-type,\n.blog-shortcode.blog-list-shortcode-id-0335fdc5fccfeee4c1b125362d710250.dividers-on:not(.mode-masonry) article.visible.first:not(.product) {\n  margin-top: 0;\n  padding-top: 0;\n}\n.blog-shortcode.blog-list-shortcode-id-0335fdc5fccfeee4c1b125362d710250 .post-thumbnail-wrap {\n  padding: 0px 0px 0px 0px;\n}\n.blog-shortcode.blog-list-shortcode-id-0335fdc5fccfeee4c1b125362d710250.enable-bg-rollover .post-thumbnail-rollover:after {\n  background: -webkit-linear-gradient();\n  background: linear-gradient();\n}\n.blog-shortcode.blog-list-shortcode-id-0335fdc5fccfeee4c1b125362d710250 .gallery-zoom-ico {\n  width: 44px;\n  height: 44px;\n  line-height: 44px;\n  border-radius: 100px;\n  margin: -22px 0 0 -22px;\n  border-width: 0px;\n  color: #ffffff;\n}\n.bottom-overlap-layout-list.blog-shortcode.blog-list-shortcode-id-0335fdc5fccfeee4c1b125362d710250 .gallery-zoom-ico {\n  margin-top: -22px;\n}\n.gradient-overlay-layout-list.blog-shortcode.blog-list-shortcode-id-0335fdc5fccfeee4c1b125362d710250 .gallery-zoom-ico,\n.content-rollover-layout-list.blog-shortcode.blog-list-shortcode-id-0335fdc5fccfeee4c1b125362d710250 .gallery-zoom-ico {\n  margin: 0 0 10px;\n}\n.content-align-center.gradient-overlay-layout-list.blog-shortcode.blog-list-shortcode-id-0335fdc5fccfeee4c1b125362d710250 .gallery-zoom-ico,\n.content-align-center.content-rollover-layout-list.blog-shortcode.blog-list-shortcode-id-0335fdc5fccfeee4c1b125362d710250 .gallery-zoom-ico {\n  margin: 0 auto 10px;\n}\n.dt-icon-bg-on.blog-shortcode.blog-list-shortcode-id-0335fdc5fccfeee4c1b125362d710250 .gallery-zoom-ico {\n  background: rgba(255,255,255,0.3);\n  box-shadow: none;\n}\n.blog-shortcode.blog-list-shortcode-id-0335fdc5fccfeee4c1b125362d710250 .gallery-zoom-ico > span,\n.blog-shortcode.blog-list-shortcode-id-0335fdc5fccfeee4c1b125362d710250 .gallery-zoom-ico:before {\n  font-size: 32px;\n  line-height: 44px;\n}\n.blog-shortcode.blog-list-shortcode-id-0335fdc5fccfeee4c1b125362d710250 .gallery-zoom-ico > span,\n.blog-shortcode.blog-list-shortcode-id-0335fdc5fccfeee4c1b125362d710250 .gallery-zoom-ico:before {\n  color: #ffffff;\n}\n.blog-shortcode.blog-list-shortcode-id-0335fdc5fccfeee4c1b125362d710250 .fancy-date a {\n  background: #ffffff;\n  box-shadow: none;\n}\n.blog-shortcode.blog-list-shortcode-id-0335fdc5fccfeee4c1b125362d710250 .fancy-date a * {\n  color: #2d2d2d;\n}\n.blog-shortcode.blog-list-shortcode-id-0335fdc5fccfeee4c1b125362d710250 .entry-title,\n.blog-shortcode.blog-list-shortcode-id-0335fdc5fccfeee4c1b125362d710250.owl-carousel .entry-title {\n  margin-bottom: 5px;\n  font-weight: bold;\n}\n.blog-shortcode.blog-list-shortcode-id-0335fdc5fccfeee4c1b125362d710250 .entry-meta {\n  margin-bottom: 15px;\n}\n.blog-shortcode.blog-list-shortcode-id-0335fdc5fccfeee4c1b125362d710250 .portfolio-categories {\n  margin-bottom: 15px;\n}\n.blog-shortcode.blog-list-shortcode-id-0335fdc5fccfeee4c1b125362d710250 .entry-excerpt {\n  margin-bottom: 5px;\n}\n.blog-shortcode.blog-list-shortcode-id-0335fdc5fccfeee4c1b125362d710250:not(.centered-layout-list) .post-entry-content {\n  padding: 25px 30px 30px 30px;\n}\n.blog-shortcode.blog-list-shortcode-id-0335fdc5fccfeee4c1b125362d710250:not(.centered-layout-list):not(.content-bg-on):not(.mode-list) .no-img .post-entry-content {\n  padding: 0;\n}\n@media screen and (max-width: 768px) {\n  .blog-shortcode.blog-list-shortcode-id-0335fdc5fccfeee4c1b125362d710250 article {\n    -ms-flex-flow: column nowrap;\n    flex-flow: column nowrap;\n    margin-top: 20px;\n  }\n  .blog-shortcode.blog-list-shortcode-id-0335fdc5fccfeee4c1b125362d710250.dividers-on article {\n    border: none;\n  }\n  .blog-shortcode.blog-list-shortcode-id-0335fdc5fccfeee4c1b125362d710250.content-bg-on.centered-layout-list article {\n    padding: 0;\n  }\n  .blog-shortcode.blog-list-shortcode-id-0335fdc5fccfeee4c1b125362d710250.blog-shortcode.dividers-on article,\n  .blog-shortcode.blog-list-shortcode-id-0335fdc5fccfeee4c1b125362d710250.dividers-on.classic-layout-list article {\n    margin-top: 20px;\n    padding: 0;\n  }\n  .blog-shortcode.blog-list-shortcode-id-0335fdc5fccfeee4c1b125362d710250.blog-shortcode.dividers-on article:first-of-type,\n  .blog-shortcode.blog-list-shortcode-id-0335fdc5fccfeee4c1b125362d710250.dividers-on.classic-layout-list article:first-of-type {\n    padding: 0;\n  }\n  #page .blog-shortcode.blog-list-shortcode-id-0335fdc5fccfeee4c1b125362d710250 .post-thumbnail-wrap,\n  #page .blog-shortcode.blog-list-shortcode-id-0335fdc5fccfeee4c1b125362d710250 .post-entry-content {\n    width: 100%;\n    margin: 0;\n    top: 0;\n  }\n  #page .blog-shortcode.blog-list-shortcode-id-0335fdc5fccfeee4c1b125362d710250 .post-thumbnail-wrap {\n    padding: 0;\n  }\n  #page .blog-shortcode.blog-list-shortcode-id-0335fdc5fccfeee4c1b125362d710250 .post-entry-content:after {\n    display: none;\n  }\n  #page .blog-shortcode.blog-list-shortcode-id-0335fdc5fccfeee4c1b125362d710250 .project-even .post-thumbnail-wrap,\n  #page .blog-shortcode.blog-list-shortcode-id-0335fdc5fccfeee4c1b125362d710250.centered-layout-list .post-thumbnail-wrap {\n    -ms-flex-order: 0;\n    order: 0;\n  }\n  #page .blog-shortcode.blog-list-shortcode-id-0335fdc5fccfeee4c1b125362d710250.centered-layout-list .post-entry-title-content {\n    -ms-flex-order: 1;\n    order: 1;\n    width: 100%;\n    padding: 20px 20px 0;\n  }\n  #page .blog-shortcode.blog-list-shortcode-id-0335fdc5fccfeee4c1b125362d710250.centered-layout-list .post-entry-content {\n    -ms-flex-order: 2;\n    order: 2;\n    padding-top: 0;\n  }\n  #page .blog-shortcode.blog-list-shortcode-id-0335fdc5fccfeee4c1b125362d710250 .fancy-categories {\n    top: 10px;\n    left: 10px;\n    bottom: auto;\n    right: auto;\n  }\n  #page .blog-shortcode.blog-list-shortcode-id-0335fdc5fccfeee4c1b125362d710250 .fancy-date a {\n    top: 10px;\n    right: 10px;\n    left: auto;\n    bottom: auto;\n  }\n  #page .blog-shortcode.blog-list-shortcode-id-0335fdc5fccfeee4c1b125362d710250 .post-entry-content {\n    padding: 20px;\n  }\n  #page .blog-shortcode.blog-list-shortcode-id-0335fdc5fccfeee4c1b125362d710250 .entry-title {\n    margin: 3px 0 5px;\n    font-size: 20px;\n    line-height: 26px;\n  }\n  #page .blog-shortcode.blog-list-shortcode-id-0335fdc5fccfeee4c1b125362d710250 .entry-meta {\n    margin: 5px 0 5px;\n  }\n  #page .blog-shortcode.blog-list-shortcode-id-0335fdc5fccfeee4c1b125362d710250 .entry-excerpt {\n    margin: 15px 0 0;\n  }\n  #page .blog-shortcode.blog-list-shortcode-id-0335fdc5fccfeee4c1b125362d710250 .post-details {\n    margin: 5px 0 10px;\n  }\n  #page .blog-shortcode.blog-list-shortcode-id-0335fdc5fccfeee4c1b125362d710250 .post-details.details-type-link {\n    margin-bottom: 2px;\n  }\n}\n<\/style><div class=\"articles-list blog-shortcode mode-list blog-list-shortcode-id-0335fdc5fccfeee4c1b125362d710250 classic-layout-list content-bg-on jquery-filter scale-img dt-icon-bg-off loading-effect-fade-in\" data-cur-page=\"1\" data-post-limit=\"-1\" data-pagination-mode=\"none\"><article class=\"post project-odd visible no-img post-946 type-post status-publish format-standard hentry category-antikitet category-historigrafi category-13 category-11 description-off\" data-name=\"Dardania e vjet\u00ebr dhe Kosova\" data-date=\"2019-09-04T13:47:13+00:00\">\n\n<div class=\"post-entry-content\">\n\n\t<h3 class=\"entry-title\">\n\t\t<a href=\"https:\/\/rrenjettona.al\/index.php\/2019\/09\/04\/dardania-e-vjeter-dhe-kosova\/\" title=\"Dardania e vjet\u00ebr dhe Kosova\" rel=\"bookmark\">Dardania e vjet\u00ebr dhe Kosova<\/a>\n\t<\/h3>\n\n\t<div class=\"entry-meta\"><span class=\"category-link\"><a href=\"https:\/\/rrenjettona.al\/index.php\/category\/historigrafi\/antikitet\/\" >Antikitet<\/a>, <a href=\"https:\/\/rrenjettona.al\/index.php\/category\/historigrafi\/\" >HISTORIGRAFI<\/a><\/span><a class=\"author vcard\" href=\"https:\/\/rrenjettona.al\/index.php\/author\/rrenjet\/\" title=\"View all posts by rrenjet\" rel=\"author\">By <span class=\"fn\">rrenjet<\/span><\/a><a href=\"https:\/\/rrenjettona.al\/index.php\/2019\/09\/04\/\" title=\"1:47 pm\" class=\"data-link\" rel=\"bookmark\"><time class=\"entry-date updated\" datetime=\"2019-09-04T13:47:13+00:00\">September 4, 2019<\/time><\/a><\/div>\n\t<div class=\"entry-excerpt\"><p>[vc_row][vc_column width=&#8221;1\/3&#8243;][vc_single_image image=&#8221;947&#8243; img_size=&#8221;full&#8221;][\/vc_column][vc_column width=&#8221;1\/3&#8243;][vc_column_text]Fjal\u00eb ky\u00e7e: yjet, alfabeti diellor, alfabeti kozmik, Dardani, Kosova.[\/vc_column_text][\/vc_column][vc_column width=&#8221;1\/3&#8243;][vc_column_text]Fusha: Histori Periudha : Antikiteti Autori : Brahim AVDYLI[\/vc_column_text][\/vc_column][\/vc_row]<\/p>\n<\/div>\n\t\n<a href=\"https:\/\/rrenjettona.al\/index.php\/2019\/09\/04\/dardania-e-vjeter-dhe-kosova\/\" class=\"post-details details-type-link\" aria-label=\"Read more about Dardania e vjet\u00ebr dhe Kosova\">Read more<i class=\"dt-icon-the7-arrow-03\" aria-hidden=\"true\"><\/i><\/a>\n\n<\/div><\/article><article class=\"post project-odd visible no-img post-684 type-post status-publish format-standard hentry category-antikitet category-historigrafi category-13 category-11 description-off\" data-name=\"Gjuha pellazge ka origjin\u00eb hyjnore\" data-date=\"2019-08-21T14:51:26+00:00\">\n\n<div class=\"post-entry-content\">\n\n\t<h3 class=\"entry-title\">\n\t\t<a href=\"https:\/\/rrenjettona.al\/index.php\/2019\/08\/21\/gjuha-pellazge-ka-origjine-hyjnore\/\" title=\"Gjuha pellazge ka origjin\u00eb hyjnore\" rel=\"bookmark\">Gjuha pellazge ka origjin\u00eb hyjnore<\/a>\n\t<\/h3>\n\n\t<div class=\"entry-meta\"><span class=\"category-link\"><a href=\"https:\/\/rrenjettona.al\/index.php\/category\/historigrafi\/antikitet\/\" >Antikitet<\/a>, <a href=\"https:\/\/rrenjettona.al\/index.php\/category\/historigrafi\/\" >HISTORIGRAFI<\/a><\/span><a class=\"author vcard\" href=\"https:\/\/rrenjettona.al\/index.php\/author\/rrenjet\/\" title=\"View all posts by rrenjet\" rel=\"author\">By <span class=\"fn\">rrenjet<\/span><\/a><a href=\"https:\/\/rrenjettona.al\/index.php\/2019\/08\/21\/\" title=\"2:51 pm\" class=\"data-link\" rel=\"bookmark\"><time class=\"entry-date updated\" datetime=\"2019-08-21T14:51:26+00:00\">August 21, 2019<\/time><\/a><\/div>\n\t<div class=\"entry-excerpt\"><p>[vc_row][vc_column width=&#8221;1\/3&#8243;][vc_single_image image=&#8221;685&#8243; img_size=&#8221;full&#8221;][\/vc_column][vc_column width=&#8221;1\/3&#8243;][vc_column_text]Fjal\u00ebt ky\u00e7e: Pellazg, Zeus, Hyjni, artefakt, gjuha pellazge, pellazgjishtja, origjin\u00eb hyjnore[\/vc_column_text][\/vc_column][vc_column width=&#8221;1\/3&#8243;][vc_column_text]Fusha: Histori Periudha : Antikitet Autori : P\u00ebrparim Zaimi[\/vc_column_text][\/vc_column][\/vc_row]<\/p>\n<\/div>\n\t\n<a href=\"https:\/\/rrenjettona.al\/index.php\/2019\/08\/21\/gjuha-pellazge-ka-origjine-hyjnore\/\" class=\"post-details details-type-link\" aria-label=\"Read more about Gjuha pellazge ka origjin\u00eb hyjnore\">Read more<i class=\"dt-icon-the7-arrow-03\" aria-hidden=\"true\"><\/i><\/a>\n\n<\/div><\/article><article class=\"post project-odd visible no-img post-635 type-post status-publish format-standard hentry category-antikitet category-13 description-off\" data-name=\"Mbreti Genci i Ardian\u00ebve\" data-date=\"2019-07-31T17:35:31+00:00\">\n\n<div class=\"post-entry-content\">\n\n\t<h3 class=\"entry-title\">\n\t\t<a href=\"https:\/\/rrenjettona.al\/index.php\/2019\/07\/31\/mbreti-genci-i-ardianeve\/\" title=\"Mbreti Genci i Ardian\u00ebve\" rel=\"bookmark\">Mbreti Genci i Ardian\u00ebve<\/a>\n\t<\/h3>\n\n\t<div class=\"entry-meta\"><span class=\"category-link\"><a href=\"https:\/\/rrenjettona.al\/index.php\/category\/historigrafi\/antikitet\/\" >Antikitet<\/a><\/span><a class=\"author vcard\" href=\"https:\/\/rrenjettona.al\/index.php\/author\/rrenjet\/\" title=\"View all posts by rrenjet\" rel=\"author\">By <span class=\"fn\">rrenjet<\/span><\/a><a href=\"https:\/\/rrenjettona.al\/index.php\/2019\/07\/31\/\" title=\"5:35 pm\" class=\"data-link\" rel=\"bookmark\"><time class=\"entry-date updated\" datetime=\"2019-07-31T17:35:31+00:00\">July 31, 2019<\/time><\/a><\/div>\n\t<div class=\"entry-excerpt\"><p>[vc_row][vc_column width=&#8221;1\/3&#8243;][vc_single_image image=&#8221;636&#8243; img_size=&#8221;full&#8221;][\/vc_column][vc_column width=&#8221;1\/3&#8243;][vc_column_text]Fjal\u00eb ky\u00e7e: Mbreti Genci, Princat ilir\u00eb, Lu\u00e7io Gallo, Mausoleum n\u00eb Gubbio. \u00a0[\/vc_column_text][\/vc_column][vc_column width=&#8221;1\/3&#8243;][vc_column_text]Fusha: Histori Periudha : Antikitet Autori : Lufti ALIA[\/vc_column_text][\/vc_column][\/vc_row]<\/p>\n<\/div>\n\t\n<a href=\"https:\/\/rrenjettona.al\/index.php\/2019\/07\/31\/mbreti-genci-i-ardianeve\/\" class=\"post-details details-type-link\" aria-label=\"Read more about Mbreti Genci i Ardian\u00ebve\">Read more<i class=\"dt-icon-the7-arrow-03\" aria-hidden=\"true\"><\/i><\/a>\n\n<\/div><\/article><article class=\"post project-odd visible no-img post-612 type-post status-publish format-standard hentry category-antikitet category-13 description-off\" data-name=\"Anatomia e mbishkrimit t\u00eb Medaur\u00ebve\" data-date=\"2019-07-24T15:19:51+00:00\">\n\n<div class=\"post-entry-content\">\n\n\t<h3 class=\"entry-title\">\n\t\t<a href=\"https:\/\/rrenjettona.al\/index.php\/2019\/07\/24\/anatomia-e-mbishkrimit-te-medaureve\/\" title=\"Anatomia e mbishkrimit t\u00eb Medaur\u00ebve\" rel=\"bookmark\">Anatomia e mbishkrimit t\u00eb Medaur\u00ebve<\/a>\n\t<\/h3>\n\n\t<div class=\"entry-meta\"><span class=\"category-link\"><a href=\"https:\/\/rrenjettona.al\/index.php\/category\/historigrafi\/antikitet\/\" >Antikitet<\/a><\/span><a class=\"author vcard\" href=\"https:\/\/rrenjettona.al\/index.php\/author\/rrenjet\/\" title=\"View all posts by rrenjet\" rel=\"author\">By <span class=\"fn\">rrenjet<\/span><\/a><a href=\"https:\/\/rrenjettona.al\/index.php\/2019\/07\/24\/\" title=\"3:19 pm\" class=\"data-link\" rel=\"bookmark\"><time class=\"entry-date updated\" datetime=\"2019-07-24T15:19:51+00:00\">July 24, 2019<\/time><\/a><\/div>\n\t<div class=\"entry-excerpt\"><p>[vc_row][vc_column width=&#8221;1\/3&#8243;][vc_single_image image=&#8221;614&#8243; img_size=&#8221;full&#8221;][\/vc_column][vc_column width=&#8221;1\/3&#8243;][vc_column_text]Fjal\u00eb ky\u00e7e: Anatomi, medaure, perandori commodus, sh\u00ebmb\u00eblltyra tredimensionale, mbishkrim, hyu Medaur. [\/vc_column_text][\/vc_column][vc_column width=&#8221;1\/3&#8243;][vc_column_text]Fusha: Histori Periudha : Antikitet Autori : Akad. Prof. Dr. Apollon BA\u00c7E[\/vc_column_text][\/vc_column][\/vc_row]<\/p>\n<\/div>\n\t\n<a href=\"https:\/\/rrenjettona.al\/index.php\/2019\/07\/24\/anatomia-e-mbishkrimit-te-medaureve\/\" class=\"post-details details-type-link\" aria-label=\"Read more about Anatomia e mbishkrimit t\u00eb Medaur\u00ebve\">Read more<i class=\"dt-icon-the7-arrow-03\" aria-hidden=\"true\"><\/i><\/a>\n\n<\/div><\/article><\/div>[\/vc_column][\/vc_row]<\/p>\n<\/div>","protected":false},"excerpt":{"rendered":"<p>[vc_row][vc_column][\/vc_column][\/vc_row]<\/p>\n","protected":false},"author":3,"featured_media":0,"parent":411,"menu_order":0,"comment_status":"closed","ping_status":"closed","template":"","meta":{"footnotes":""},"class_list":["post-417","page","type-page","status-publish","hentry","description-off"],"_links":{"self":[{"href":"https:\/\/rrenjettona.al\/index.php\/wp-json\/wp\/v2\/pages\/417","targetHints":{"allow":["GET"]}}],"collection":[{"href":"https:\/\/rrenjettona.al\/index.php\/wp-json\/wp\/v2\/pages"}],"about":[{"href":"https:\/\/rrenjettona.al\/index.php\/wp-json\/wp\/v2\/types\/page"}],"author":[{"embeddable":true,"href":"https:\/\/rrenjettona.al\/index.php\/wp-json\/wp\/v2\/users\/3"}],"replies":[{"embeddable":true,"href":"https:\/\/rrenjettona.al\/index.php\/wp-json\/wp\/v2\/comments?post=417"}],"version-history":[{"count":1,"href":"https:\/\/rrenjettona.al\/index.php\/wp-json\/wp\/v2\/pages\/417\/revisions"}],"predecessor-version":[{"id":418,"href":"https:\/\/rrenjettona.al\/index.php\/wp-json\/wp\/v2\/pages\/417\/revisions\/418"}],"up":[{"embeddable":true,"href":"https:\/\/rrenjettona.al\/index.php\/wp-json\/wp\/v2\/pages\/411"}],"wp:attachment":[{"href":"https:\/\/rrenjettona.al\/index.php\/wp-json\/wp\/v2\/media?parent=417"}],"curies":[{"name":"wp","href":"https:\/\/api.w.org\/{rel}","templated":true}]}}